 2429?
7, 347
What are the prime factors of 18338?
2, 53, 173
What are the prime factors of 7292?
2, 1823
List the prime factors of 7116.
2, 3, 593
List the prime factors of 460.
2, 5, 23
List the prime factors of 39397.
39397
What are the prime factors of 14273?
7, 2039
List the prime factors of 91124.
2, 11, 19, 109
List the prime factors of 1510.
2, 5, 151
What are the prime factors of 696?
2, 3, 29
What are the prime factors of 2151?
3, 239
List the prime factors of 15342.
2, 3, 2557
List the prime factors of 2995.
5, 599
What are the prime factors of 833?
7, 17
List the prime factors of 1156.
2, 17
List the prime factors of 799.
17, 47
What are the prime factors of 643?
643
List the prime factors of 23339.
23339
What are the prime factors of 31844?
2, 19, 419
List the prime factors of 2646.
2, 3, 7
List the prime factors of 37531.
13, 2887
What are the prime factors of 65263?
11, 17, 349
What are the prime factors of 634?
2, 317
What are the prime factors of 726?
2, 3, 11
List the prime factors of 29178.
2, 3, 1621
What are the prime factors of 58522?
2, 29, 1009
List the prime factors of 3656.
2, 457
List the prime factors of 850.
2, 5, 17
What are the prime factors of 1335?
3, 5, 89
What are the prime factors of 606?
2, 3, 101
List the prime factors of 13632.
2, 3, 71
What are the prime factors of 28050?
2, 3, 5, 11, 17
List the prime factors of 21464.
2, 2683
List the prime factors of 714.
2, 3, 7, 17
List the prime factors of 4767.
3, 7, 227
What are the prime factors of 2591?
2591
List the prime factors of 21334.
2, 10667
List the prime factors of 9656.
2, 17, 71
List the prime factors of 5783.
5783
List the prime factors of 19844.
2, 11, 41
What are the prime factors of 101039?
23, 191
What are the prime factors of 765?
3, 5, 17
What are the prime factors of 2662?
2, 11
What are the prime factors of 100705?
5, 11, 1831
What are the prime factors of 19319?
19319
What are the prime factors of 1703?
13, 131
What are the prime factors of 9671?
19, 509
What are the prime factors of 4967?
4967
List the prime factors of 70611.
3, 23537
What are the prime factors of 354?
2, 3, 59
List the prime factors of 46494.
2, 3, 7, 41
List the prime factors of 1800.
2, 3, 5
List the prime factors of 1451.
1451
What are the prime factors of 10869?
3, 3623
What are the prime factors of 7584?
2, 3, 79
List the prime factors of 50230.
2, 5, 5023
List the prime factors of 4599.
3, 7, 73
What are the prime factors of 66460?
2, 5, 3323
What are the prime factors of 748?
2, 11, 17
What are the prime factors of 3646?
2, 1823
What are the prime factors of 6371?
23, 277
What are the prime factors of 57005?
5, 13, 877
List the prime factors of 44096.
2, 13, 53
What are the prime factors of 547?
547
What are the prime factors of 40338?
2, 3, 83
List the prime factors of 33253.
11, 3023
What are the prime factors of 468?
2, 3, 13
List the prime factors of 422.
2, 211
List the prime factors of 34258.
2, 7, 2447
List the prime factors of 15176.
2, 7, 271
List the prime factors of 48.
2, 3
What are the prime factors of 880?
2, 5, 11
What are the prime factors of 44486?
2, 13, 29, 59
What are the prime factors of 27130?
2, 5, 2713
What are the prime factors of 2433?
3, 811
What are the prime factors of 1596?
2, 3, 7, 19
List the prime factors of 29333.
29333
What are the prime factors of 1389?
3, 463
What are the prime factors of 71794?
2, 35897
List the prime factors of 645.
3, 5, 43
What are the prime factors of 2147?
19, 113
List the prime factors of 106150.
2, 5, 11, 193
List the prime factors of 49834.
2, 24917
What are the prime factors of 551?
19, 29
List the prime factors of 9414.
2, 3, 523
List the prime factors of 7262.
2, 3631
List the prime factors of 206.
2, 103
List the prime factors of 391.
17, 23
What are the prime factors of 67113?
3, 7457
What are the prime factors of 3284?
2, 821
List the prime factors of 28067.
13, 17, 127
List the prime factors of 1770.
2, 3, 5, 59
List the prime factors of 83613.
3, 47, 593
List the prime factors of 837.
3, 31
List the prime factors of 7500.
2, 3, 5
List the prime factors of 691.
691
List the prime factors of 12501.
3, 463
List the prime factors of 818.
2, 409
What are the prime factors of 5338?
2, 17, 157
What are the prime factors of 2905?
5, 7, 83
What are the prime factors of 1356?
2, 3, 113
What are the prime factors of 2693?
2693
List the prime factors of 834.
2, 3, 139
What are the prime factors of 37678?
2, 18839
What are the prime factors of 34405?
5, 7, 983
List the prime factors of 1315.
5, 263
List the prime factors of 2177.
7, 311
What are the prime factors of 572?
2, 11, 13
What are the prime factors of 84?
2, 3, 7
What are the prime factors of 655?
5, 131
What are the prime factors of 24754?
2, 12377
List the prime factors of 84041.
31, 2711
What are the prime factors of 62262?
2, 3, 1153
List the prime factors of 21027.
3, 43, 163
What are the prime factors of 3498?
2, 3, 11, 53
What are the prime factors of 5989?
53, 113
List the prime factors of 683.
683
List the prime factors of 5266.
2, 2633
List the prime factors of 29091.
3, 9697
List the prime factors of 69117.
3, 23039
List the prime factors of 2976.
2, 3, 31
List the prime factors of 889.
7, 127
What are the prime factors of 135?
3, 5
What are the prime factors of 22316?
2, 7, 797
List the prime factors of 14032.
2, 877
List the prime factors of 4819.
61, 79
List the prime factors of 8683.
19, 457
List the prime factors of 16518.
2, 3, 2753
List the prime factors of 464.
2, 29
List the prime factors of 10.
2, 5
List the prime factors of 2386.
2, 1193
List the prime factors of 3489.
3, 1163
List the prime factors of 11313.
3, 419
List the prime factors of 10155.
3, 5, 677
What are the prime factors of 3759?
3, 7, 179
List the prime factors of 58786.
2, 7, 13, 17, 19
What are the prime factors of 6778?
2, 3389
What are the prime factors of 9162?
2, 3, 509
What are the prime factors of 108508?
2, 27127
List the prime factors of 955.
5, 191
What are the prime factors of 30355?
5, 13, 467
List the prime factors of 16226.
2, 7, 19, 61
What are the prime factors of 14871?
3, 4957
What are the prime factors of 417?
3, 139
List the prime factors of 371.
7, 53
What are the prime factors of 3629?
19, 191
What are the prime factors of 381?
3, 127
List the prime factors of 71032.
2, 13, 683
What are the prime factors of 4636?
2, 19, 61
List the prime factors of 44408.
2, 7, 13, 61
List the prime factors of 1465.
5, 293
List the prime factors of 760.
2, 5, 19
List the prime factors of 2516.
2, 17, 37
List the prime factors of 1338.
2, 3, 223
List the prime factors of 324.
2, 3
What are the prime factors of 20113?
20113
What are the prime factors of 13350?
2, 3, 5, 89
List the prime factors of 2116.
2, 23
What are the prime factors of 32225?
5, 1289
List the prime factors of 46905.
3, 5, 53, 59
What are the prime factors of 250?
2, 5
What are the prime factors of 16493?
16493
What are the prime factors of 1934?
2, 967
What are the prime factors of 925?
5, 37
List the prime factors of 104722.
2, 52361
List the prime factors of 2242.
2, 19, 59
What are the prime factors of 93?
3, 31
What are the prime factors of 20285?
5, 4057
What are the prime factors of 1779?
3, 593
List the prime factors of 4050.
2, 3, 5
What are the prime factors of 6685?
5, 7, 191
What are the prime factors of 3564?
2, 3, 11
List the prime factors of 107130.
2, 3, 5, 3571
List the prime factors of 7231.
7, 1033
List the prime factors of 9272.
2, 19, 61
What are the prime factors of 4661?
59, 79
What are the prime factors of 8189?
19, 431
List the prime factors of 51718.
2, 19, 1361
List the prime factors of 4053.
3, 7, 193
What are the prime factors of 41932?
2, 11, 953
List the prime factors of 484.
2, 11
What are the prime factors of 5288?
2, 661
What are the prime factors of 20449?
11, 13
List the prime factors of 13660.
2, 5, 683
What are the prime factors of 15879?
3, 67, 79
What are the prime factors of 44589?
3, 89, 167
List the prime factors of 433.
433
List the prime factors of 568.
2, 71
What are the prime factors of 2212?
2, 7, 79
List the prime factors of 22212.
2, 3, 617
What are the prime factors of 37481?
37, 1013
What are the prime factors of 796?
2, 199
What are